
{"id":332,"date":"2022-08-29T21:20:58","date_gmt":"2022-08-29T19:20:58","guid":{"rendered":"https:\/\/follgas-shop.de\/?post_type=product&#038;p=332"},"modified":"2026-01-05T20:06:22","modified_gmt":"2026-01-05T19:06:22","slug":"follgas-tank-und-umweltmatte","status":"publish","type":"product","link":"https:\/\/follgas-shop.de\/index.php\/produkt\/follgas-tank-und-umweltmatte\/","title":{"rendered":"FOLLGAS Tank- &#038; Umweltmatte | Robust 95 x 200cm"},"content":{"rendered":"<p>Die FOLLGAS Tank- und Umweltmatte \u00fcberzeugt mit einem Auffangvolumen von 1 Liter pro Quadratmeter und ist die ideale L\u00f6sung f\u00fcr Garage, Werkstatt und Motorsport. Sie sch\u00fctzt zuverl\u00e4ssig vor \u00d6l, Kraftstoff und anderen Fl\u00fcssigkeiten und sorgt daf\u00fcr, dass weder Boden noch Umwelt belastet werden. Dank ihrer hochwertigen Struktur liegt die Matte rutschfest, ist langlebig und leicht zu reinigen. Perfekt f\u00fcr alle, die Wert auf Sicherheit, Sauberkeit und nachhaltigen Umweltschutz legen.<\/p>\n","protected":false},"excerpt":{"rendered":"<p>Die FOLLGAS Tank- und Umweltmatte \u00fcberzeugt mit einem Auffangvolumen von 1 Liter pro Quadratmeter und ist die ideale L\u00f6sung f\u00fcr Garage, Werkstatt und Motorsport. Sie sch\u00fctzt zuverl\u00e4ssig vor \u00d6l, Kraftstoff und anderen Fl\u00fcssigkeiten und sorgt daf\u00fcr, dass weder Boden noch Umwelt belastet werden. Dank ihrer hochwertigen Struktur liegt die Matte rutschfest, ist langlebig und leicht [&hellip;]<\/p>\n","protected":false},"featured_media":366,"comment_status":"open","ping_status":"closed","template":"","meta":[],"product_cat":[17],"product_tag":[],"yoast_head":"<!-- This site is optimized with the Yoast SEO plugin v22.3 - https:\/\/yoast.com\/wordpress\/plugins\/seo\/ -->\n<title>FOLLGAS Tank- &amp; Umweltmatte | Robust 95 x 200cm - FOLLGAS Online-Shop<\/title>\n<meta name=\"description\" content=\"Follgasenergydrink Tankmatte \/ Fu\u00dfmatte \/ gummierter Teppich in der Abmessung von 95 x 200cm. Jetzt hier im Online-Shop bestellen!\" \/>\n<meta name=\"robots\" content=\"index, follow, max-snippet:-1, max-image-preview:large, max-video-preview:-1\" \/>\n<link rel=\"canonical\" href=\"https:\/\/follgas-shop.de\/index.php\/produkt\/follgas-tank-und-umweltmatte\/\" \/>\n<meta property=\"og:locale\" content=\"de_DE\" \/>\n<meta property=\"og:type\" content=\"article\" \/>\n<meta property=\"og:title\" content=\"FOLLGAS Tank- &amp; Umweltmatte | Robust 95 x 200cm - FOLLGAS Online-Shop\" \/>\n<meta property=\"og:description\" content=\"Follgasenergydrink Tankmatte \/ Fu\u00dfmatte \/ gummierter Teppich in der Abmessung von 95 x 200cm. Jetzt hier im Online-Shop bestellen!\" \/>\n<meta property=\"og:url\" content=\"https:\/\/follgas-shop.de\/index.php\/produkt\/follgas-tank-und-umweltmatte\/\" \/>\n<meta property=\"og:site_name\" content=\"FOLLGAS Online-Shop\" \/>\n<meta property=\"article:modified_time\" content=\"2026-01-05T19:06:22+00:00\" \/>\n<meta property=\"og:image\" content=\"https:\/\/follgas-shop.de\/wp-content\/uploads\/2022\/08\/logomatte-bbm2022.png\" \/>\n\t<meta property=\"og:image:width\" content=\"631\" \/>\n\t<meta property=\"og:image:height\" content=\"474\" \/>\n\t<meta property=\"og:image:type\" content=\"image\/png\" \/>\n<meta name=\"twitter:card\" content=\"summary_large_image\" \/>\n<meta name=\"twitter:label1\" content=\"Gesch\u00e4tzte Lesezeit\" \/>\n\t<meta name=\"twitter:data1\" content=\"1\u00a0Minute\" \/>\n<script type=\"application\/ld+json\" class=\"yoast-schema-graph\">{\"@context\":\"https:\/\/schema.org\",\"@graph\":[{\"@type\":\"WebPage\",\"@id\":\"https:\/\/follgas-shop.de\/index.php\/produkt\/follgas-tank-und-umweltmatte\/\",\"url\":\"https:\/\/follgas-shop.de\/index.php\/produkt\/follgas-tank-und-umweltmatte\/\",\"name\":\"FOLLGAS Tank- & Umweltmatte | Robust 95 x 200cm - FOLLGAS Online-Shop\",\"isPartOf\":{\"@id\":\"https:\/\/follgas-shop.de\/#website\"},\"primaryImageOfPage\":{\"@id\":\"https:\/\/follgas-shop.de\/index.php\/produkt\/follgas-tank-und-umweltmatte\/#primaryimage\"},\"image\":{\"@id\":\"https:\/\/follgas-shop.de\/index.php\/produkt\/follgas-tank-und-umweltmatte\/#primaryimage\"},\"thumbnailUrl\":\"https:\/\/follgas-shop.de\/wp-content\/uploads\/2022\/08\/logomatte-bbm2022.png\",\"datePublished\":\"2022-08-29T19:20:58+00:00\",\"dateModified\":\"2026-01-05T19:06:22+00:00\",\"description\":\"Follgasenergydrink Tankmatte \/ Fu\u00dfmatte \/ gummierter Teppich in der Abmessung von 95 x 200cm. Jetzt hier im Online-Shop bestellen!\",\"breadcrumb\":{\"@id\":\"https:\/\/follgas-shop.de\/index.php\/produkt\/follgas-tank-und-umweltmatte\/#breadcrumb\"},\"inLanguage\":\"de\",\"potentialAction\":[{\"@type\":\"ReadAction\",\"target\":[\"https:\/\/follgas-shop.de\/index.php\/produkt\/follgas-tank-und-umweltmatte\/\"]}]},{\"@type\":\"ImageObject\",\"inLanguage\":\"de\",\"@id\":\"https:\/\/follgas-shop.de\/index.php\/produkt\/follgas-tank-und-umweltmatte\/#primaryimage\",\"url\":\"https:\/\/follgas-shop.de\/wp-content\/uploads\/2022\/08\/logomatte-bbm2022.png\",\"contentUrl\":\"https:\/\/follgas-shop.de\/wp-content\/uploads\/2022\/08\/logomatte-bbm2022.png\",\"width\":631,\"height\":474},{\"@type\":\"BreadcrumbList\",\"@id\":\"https:\/\/follgas-shop.de\/index.php\/produkt\/follgas-tank-und-umweltmatte\/#breadcrumb\",\"itemListElement\":[{\"@type\":\"ListItem\",\"position\":1,\"name\":\"Startseite\",\"item\":\"https:\/\/follgas-shop.de\/\"},{\"@type\":\"ListItem\",\"position\":2,\"name\":\"Shop\",\"item\":\"https:\/\/follgas-shop.de\/\"},{\"@type\":\"ListItem\",\"position\":3,\"name\":\"FOLLGAS Tank- &#038; Umweltmatte | Robust 95 x 200cm\"}]},{\"@type\":\"WebSite\",\"@id\":\"https:\/\/follgas-shop.de\/#website\",\"url\":\"https:\/\/follgas-shop.de\/\",\"name\":\"FOLLGAS Online-Shop\",\"description\":\"\",\"publisher\":{\"@id\":\"https:\/\/follgas-shop.de\/#organization\"},\"potentialAction\":[{\"@type\":\"SearchAction\",\"target\":{\"@type\":\"EntryPoint\",\"urlTemplate\":\"https:\/\/follgas-shop.de\/?s={search_term_string}\"},\"query-input\":\"required name=search_term_string\"}],\"inLanguage\":\"de\"},{\"@type\":\"Organization\",\"@id\":\"https:\/\/follgas-shop.de\/#organization\",\"name\":\"FOLLGAS Online-Shop\",\"url\":\"https:\/\/follgas-shop.de\/\",\"logo\":{\"@type\":\"ImageObject\",\"inLanguage\":\"de\",\"@id\":\"https:\/\/follgas-shop.de\/#\/schema\/logo\/image\/\",\"url\":\"https:\/\/follgas-shop.de\/wp-content\/uploads\/2021\/01\/cropped-cropped-vv-1.png\",\"contentUrl\":\"https:\/\/follgas-shop.de\/wp-content\/uploads\/2021\/01\/cropped-cropped-vv-1.png\",\"width\":279,\"height\":119,\"caption\":\"FOLLGAS Online-Shop\"},\"image\":{\"@id\":\"https:\/\/follgas-shop.de\/#\/schema\/logo\/image\/\"}}]}<\/script>\n<!-- \/ Yoast SEO plugin. -->","yoast_head_json":{"title":"FOLLGAS Tank- & Umweltmatte | Robust 95 x 200cm - FOLLGAS Online-Shop","description":"Follgasenergydrink Tankmatte \/ Fu\u00dfmatte \/ gummierter Teppich in der Abmessung von 95 x 200cm. Jetzt hier im Online-Shop bestellen!","robots":{"index":"index","follow":"follow","max-snippet":"max-snippet:-1","max-image-preview":"max-image-preview:large","max-video-preview":"max-video-preview:-1"},"canonical":"https:\/\/follgas-shop.de\/index.php\/produkt\/follgas-tank-und-umweltmatte\/","og_locale":"de_DE","og_type":"article","og_title":"FOLLGAS Tank- & Umweltmatte | Robust 95 x 200cm - FOLLGAS Online-Shop","og_description":"Follgasenergydrink Tankmatte \/ Fu\u00dfmatte \/ gummierter Teppich in der Abmessung von 95 x 200cm. Jetzt hier im Online-Shop bestellen!","og_url":"https:\/\/follgas-shop.de\/index.php\/produkt\/follgas-tank-und-umweltmatte\/","og_site_name":"FOLLGAS Online-Shop","article_modified_time":"2026-01-05T19:06:22+00:00","og_image":[{"width":631,"height":474,"url":"https:\/\/follgas-shop.de\/wp-content\/uploads\/2022\/08\/logomatte-bbm2022.png","type":"image\/png"}],"twitter_card":"summary_large_image","twitter_misc":{"Gesch\u00e4tzte Lesezeit":"1\u00a0Minute"},"schema":{"@context":"https:\/\/schema.org","@graph":[{"@type":"WebPage","@id":"https:\/\/follgas-shop.de\/index.php\/produkt\/follgas-tank-und-umweltmatte\/","url":"https:\/\/follgas-shop.de\/index.php\/produkt\/follgas-tank-und-umweltmatte\/","name":"FOLLGAS Tank- & Umweltmatte | Robust 95 x 200cm - FOLLGAS Online-Shop","isPartOf":{"@id":"https:\/\/follgas-shop.de\/#website"},"primaryImageOfPage":{"@id":"https:\/\/follgas-shop.de\/index.php\/produkt\/follgas-tank-und-umweltmatte\/#primaryimage"},"image":{"@id":"https:\/\/follgas-shop.de\/index.php\/produkt\/follgas-tank-und-umweltmatte\/#primaryimage"},"thumbnailUrl":"https:\/\/follgas-shop.de\/wp-content\/uploads\/2022\/08\/logomatte-bbm2022.png","datePublished":"2022-08-29T19:20:58+00:00","dateModified":"2026-01-05T19:06:22+00:00","description":"Follgasenergydrink Tankmatte \/ Fu\u00dfmatte \/ gummierter Teppich in der Abmessung von 95 x 200cm. Jetzt hier im Online-Shop bestellen!","breadcrumb":{"@id":"https:\/\/follgas-shop.de\/index.php\/produkt\/follgas-tank-und-umweltmatte\/#breadcrumb"},"inLanguage":"de","potentialAction":[{"@type":"ReadAction","target":["https:\/\/follgas-shop.de\/index.php\/produkt\/follgas-tank-und-umweltmatte\/"]}]},{"@type":"ImageObject","inLanguage":"de","@id":"https:\/\/follgas-shop.de\/index.php\/produkt\/follgas-tank-und-umweltmatte\/#primaryimage","url":"https:\/\/follgas-shop.de\/wp-content\/uploads\/2022\/08\/logomatte-bbm2022.png","contentUrl":"https:\/\/follgas-shop.de\/wp-content\/uploads\/2022\/08\/logomatte-bbm2022.png","width":631,"height":474},{"@type":"BreadcrumbList","@id":"https:\/\/follgas-shop.de\/index.php\/produkt\/follgas-tank-und-umweltmatte\/#breadcrumb","itemListElement":[{"@type":"ListItem","position":1,"name":"Startseite","item":"https:\/\/follgas-shop.de\/"},{"@type":"ListItem","position":2,"name":"Shop","item":"https:\/\/follgas-shop.de\/"},{"@type":"ListItem","position":3,"name":"FOLLGAS Tank- &#038; Umweltmatte | Robust 95 x 200cm"}]},{"@type":"WebSite","@id":"https:\/\/follgas-shop.de\/#website","url":"https:\/\/follgas-shop.de\/","name":"FOLLGAS Online-Shop","description":"","publisher":{"@id":"https:\/\/follgas-shop.de\/#organization"},"potentialAction":[{"@type":"SearchAction","target":{"@type":"EntryPoint","urlTemplate":"https:\/\/follgas-shop.de\/?s={search_term_string}"},"query-input":"required name=search_term_string"}],"inLanguage":"de"},{"@type":"Organization","@id":"https:\/\/follgas-shop.de\/#organization","name":"FOLLGAS Online-Shop","url":"https:\/\/follgas-shop.de\/","logo":{"@type":"ImageObject","inLanguage":"de","@id":"https:\/\/follgas-shop.de\/#\/schema\/logo\/image\/","url":"https:\/\/follgas-shop.de\/wp-content\/uploads\/2021\/01\/cropped-cropped-vv-1.png","contentUrl":"https:\/\/follgas-shop.de\/wp-content\/uploads\/2021\/01\/cropped-cropped-vv-1.png","width":279,"height":119,"caption":"FOLLGAS Online-Shop"},"image":{"@id":"https:\/\/follgas-shop.de\/#\/schema\/logo\/image\/"}}]}},"_links":{"self":[{"href":"https:\/\/follgas-shop.de\/index.php\/wp-json\/wp\/v2\/product\/332"}],"collection":[{"href":"https:\/\/follgas-shop.de\/index.php\/wp-json\/wp\/v2\/product"}],"about":[{"href":"https:\/\/follgas-shop.de\/index.php\/wp-json\/wp\/v2\/types\/product"}],"replies":[{"embeddable":true,"href":"https:\/\/follgas-shop.de\/index.php\/wp-json\/wp\/v2\/comments?post=332"}],"wp:featuredmedia":[{"embeddable":true,"href":"https:\/\/follgas-shop.de\/index.php\/wp-json\/wp\/v2\/media\/366"}],"wp:attachment":[{"href":"https:\/\/follgas-shop.de\/index.php\/wp-json\/wp\/v2\/media?parent=332"}],"wp:term":[{"taxonomy":"product_cat","embeddable":true,"href":"https:\/\/follgas-shop.de\/index.php\/wp-json\/wp\/v2\/product_cat?post=332"},{"taxonomy":"product_tag","embeddable":true,"href":"https:\/\/follgas-shop.de\/index.php\/wp-json\/wp\/v2\/product_tag?post=332"}],"curies":[{"name":"wp","href":"https:\/\/api.w.org\/{rel}","templated":true}]}}