
{"id":660,"date":"2025-11-27T12:23:03","date_gmt":"2025-11-27T11:23:03","guid":{"rendered":"https:\/\/follgas-shop.de\/?post_type=product&#038;p=660"},"modified":"2026-01-05T19:51:02","modified_gmt":"2026-01-05T18:51:02","slug":"follgas-energydrink-mango-12er-bundle-mampe-gin","status":"publish","type":"product","link":"https:\/\/follgas-shop.de\/index.php\/produkt\/follgas-energydrink-mango-12er-bundle-mampe-gin\/","title":{"rendered":"FOLLGAS Energydrink Mango 12 x 250ml + Mampe Gin 0,7l"},"content":{"rendered":"<p data-start=\"691\" data-end=\"1068\">Das <strong data-start=\"695\" data-end=\"777\">FOLLGAS Energy Drink Mango 12er Bundle \u2013 250\u202fml Slimline Alu-Dosen + Mampe Gin<\/strong> ist die perfekte Wahl f\u00fcr tropisch-fruchtige Longdrinks und Partys. Das Set enth\u00e4lt <strong data-start=\"862\" data-end=\"936\">12 Dosen des erfrischenden <span class=\"hover:entity-accent entity-underline inline cursor-pointer align-baseline\"><span class=\"whitespace-normal\">FOLLGAS Energy Drink<\/span><\/span> Mango<\/strong> sowie eine Flasche hochwertigen <strong data-start=\"969\" data-end=\"1010\"><span class=\"hover:entity-accent entity-underline inline cursor-pointer align-baseline\"><span class=\"whitespace-normal\">Mampe Gin<\/span><\/span><\/strong> \u2013 ideal f\u00fcr Gin-Energy-Mixgetr\u00e4nke mit exotischer Note.<\/p>\n<p data-start=\"1070\" data-end=\"1414\">Der Mango Energy Drink \u00fcberzeugt mit intensivem Mangogeschmack, prickelnder Kohlens\u00e4ure und belebendem Koffein. Die <strong data-start=\"1186\" data-end=\"1223\">praktischen 250-ml-Slimline-Dosen<\/strong> sind perfekt portioniert f\u00fcr Partys, Events oder kleinere Feiern. Der Mampe Gin erg\u00e4nzt das Bundle mit harmonischer Wacholdernote und feinen Botanicals, f\u00fcr ausgewogene und leckere Drinks.<\/p>\n<p data-start=\"1416\" data-end=\"1611\">Dieses 12er-Bundle eignet sich optimal f\u00fcr Geburtstagsfeiern, Clubabende, kleine Events oder als hochwertiges Geschenkset. Tropischer Geschmack, Energie und hochwertige Spirituose in einem Set.<\/p>\n<p data-start=\"1613\" data-end=\"1708\"><strong data-start=\"1613\" data-end=\"1625\">Hinweis:<\/strong> Verkauf nur an Personen ab 18 Jahren. Alkohol bitte verantwortungsvoll genie\u00dfen.<\/p>\n","protected":false},"excerpt":{"rendered":"<p data-start=\"486\" data-end=\"636\">12x FOLLGAS Energy Drink Mango (250\u202fml Slimline Dosen) im Bundle mit hochwertigem Mampe Gin \u2013 fruchtig, erfrischend &amp; ideal f\u00fcr Partys und Longdrinks.<\/p>\n","protected":false},"featured_media":709,"comment_status":"open","ping_status":"closed","template":"","meta":[],"product_cat":[31],"product_tag":[],"yoast_head":"<!-- This site is optimized with the Yoast SEO plugin v22.3 - https:\/\/yoast.com\/wordpress\/plugins\/seo\/ -->\n<title>FOLLGAS Energydrink Mango 12 x 250ml + Mampe Gin 0,7l - FOLLGAS Online-Shop<\/title>\n<meta name=\"description\" content=\"FOLLGAS Mango 12er Set mit Mampe Gin. Tropisch-fruchtig, erfrischend &amp; belebend \u2013 perfekt f\u00fcr Partys, Longdrinks &amp; Events!\" \/>\n<meta name=\"robots\" content=\"index, follow, max-snippet:-1, max-image-preview:large, max-video-preview:-1\" \/>\n<link rel=\"canonical\" href=\"https:\/\/follgas-shop.de\/index.php\/produkt\/follgas-energydrink-mango-12er-bundle-mampe-gin\/\" \/>\n<meta property=\"og:locale\" content=\"de_DE\" \/>\n<meta property=\"og:type\" content=\"article\" \/>\n<meta property=\"og:title\" content=\"FOLLGAS Energydrink Mango 12 x 250ml + Mampe Gin 0,7l - FOLLGAS Online-Shop\" \/>\n<meta property=\"og:description\" content=\"FOLLGAS Mango 12er Set mit Mampe Gin. Tropisch-fruchtig, erfrischend &amp; belebend \u2013 perfekt f\u00fcr Partys, Longdrinks &amp; Events!\" \/>\n<meta property=\"og:url\" content=\"https:\/\/follgas-shop.de\/index.php\/produkt\/follgas-energydrink-mango-12er-bundle-mampe-gin\/\" \/>\n<meta property=\"og:site_name\" content=\"FOLLGAS Online-Shop\" \/>\n<meta property=\"article:modified_time\" content=\"2026-01-05T18:51:02+00:00\" \/>\n<meta property=\"og:image\" content=\"https:\/\/follgas-shop.de\/wp-content\/uploads\/2026\/01\/Follgas-Mango-x-Mampe-Gin_weiss.png\" \/>\n\t<meta property=\"og:image:width\" content=\"1080\" \/>\n\t<meta property=\"og:image:height\" content=\"1350\" \/>\n\t<meta property=\"og:image:type\" content=\"image\/png\" \/>\n<meta name=\"twitter:card\" content=\"summary_large_image\" \/>\n<meta name=\"twitter:label1\" content=\"Gesch\u00e4tzte Lesezeit\" \/>\n\t<meta name=\"twitter:data1\" content=\"1\u00a0Minute\" \/>\n<script type=\"application\/ld+json\" class=\"yoast-schema-graph\">{\"@context\":\"https:\/\/schema.org\",\"@graph\":[{\"@type\":\"WebPage\",\"@id\":\"https:\/\/follgas-shop.de\/index.php\/produkt\/follgas-energydrink-mango-12er-bundle-mampe-gin\/\",\"url\":\"https:\/\/follgas-shop.de\/index.php\/produkt\/follgas-energydrink-mango-12er-bundle-mampe-gin\/\",\"name\":\"FOLLGAS Energydrink Mango 12 x 250ml + Mampe Gin 0,7l - FOLLGAS Online-Shop\",\"isPartOf\":{\"@id\":\"https:\/\/follgas-shop.de\/#website\"},\"primaryImageOfPage\":{\"@id\":\"https:\/\/follgas-shop.de\/index.php\/produkt\/follgas-energydrink-mango-12er-bundle-mampe-gin\/#primaryimage\"},\"image\":{\"@id\":\"https:\/\/follgas-shop.de\/index.php\/produkt\/follgas-energydrink-mango-12er-bundle-mampe-gin\/#primaryimage\"},\"thumbnailUrl\":\"https:\/\/follgas-shop.de\/wp-content\/uploads\/2026\/01\/Follgas-Mango-x-Mampe-Gin_weiss.png\",\"datePublished\":\"2025-11-27T11:23:03+00:00\",\"dateModified\":\"2026-01-05T18:51:02+00:00\",\"description\":\"FOLLGAS Mango 12er Set mit Mampe Gin. Tropisch-fruchtig, erfrischend & belebend \u2013 perfekt f\u00fcr Partys, Longdrinks & Events!\",\"breadcrumb\":{\"@id\":\"https:\/\/follgas-shop.de\/index.php\/produkt\/follgas-energydrink-mango-12er-bundle-mampe-gin\/#breadcrumb\"},\"inLanguage\":\"de\",\"potentialAction\":[{\"@type\":\"ReadAction\",\"target\":[\"https:\/\/follgas-shop.de\/index.php\/produkt\/follgas-energydrink-mango-12er-bundle-mampe-gin\/\"]}]},{\"@type\":\"ImageObject\",\"inLanguage\":\"de\",\"@id\":\"https:\/\/follgas-shop.de\/index.php\/produkt\/follgas-energydrink-mango-12er-bundle-mampe-gin\/#primaryimage\",\"url\":\"https:\/\/follgas-shop.de\/wp-content\/uploads\/2026\/01\/Follgas-Mango-x-Mampe-Gin_weiss.png\",\"contentUrl\":\"https:\/\/follgas-shop.de\/wp-content\/uploads\/2026\/01\/Follgas-Mango-x-Mampe-Gin_weiss.png\",\"width\":1080,\"height\":1350,\"caption\":\"Follgas Mango 24 + Mampe Gin\"},{\"@type\":\"BreadcrumbList\",\"@id\":\"https:\/\/follgas-shop.de\/index.php\/produkt\/follgas-energydrink-mango-12er-bundle-mampe-gin\/#breadcrumb\",\"itemListElement\":[{\"@type\":\"ListItem\",\"position\":1,\"name\":\"Startseite\",\"item\":\"https:\/\/follgas-shop.de\/\"},{\"@type\":\"ListItem\",\"position\":2,\"name\":\"Shop\",\"item\":\"https:\/\/follgas-shop.de\/\"},{\"@type\":\"ListItem\",\"position\":3,\"name\":\"FOLLGAS Energydrink Mango 12 x 250ml + Mampe Gin 0,7l\"}]},{\"@type\":\"WebSite\",\"@id\":\"https:\/\/follgas-shop.de\/#website\",\"url\":\"https:\/\/follgas-shop.de\/\",\"name\":\"FOLLGAS Online-Shop\",\"description\":\"\",\"publisher\":{\"@id\":\"https:\/\/follgas-shop.de\/#organization\"},\"potentialAction\":[{\"@type\":\"SearchAction\",\"target\":{\"@type\":\"EntryPoint\",\"urlTemplate\":\"https:\/\/follgas-shop.de\/?s={search_term_string}\"},\"query-input\":\"required name=search_term_string\"}],\"inLanguage\":\"de\"},{\"@type\":\"Organization\",\"@id\":\"https:\/\/follgas-shop.de\/#organization\",\"name\":\"FOLLGAS Online-Shop\",\"url\":\"https:\/\/follgas-shop.de\/\",\"logo\":{\"@type\":\"ImageObject\",\"inLanguage\":\"de\",\"@id\":\"https:\/\/follgas-shop.de\/#\/schema\/logo\/image\/\",\"url\":\"https:\/\/follgas-shop.de\/wp-content\/uploads\/2021\/01\/cropped-cropped-vv-1.png\",\"contentUrl\":\"https:\/\/follgas-shop.de\/wp-content\/uploads\/2021\/01\/cropped-cropped-vv-1.png\",\"width\":279,\"height\":119,\"caption\":\"FOLLGAS Online-Shop\"},\"image\":{\"@id\":\"https:\/\/follgas-shop.de\/#\/schema\/logo\/image\/\"}}]}<\/script>\n<!-- \/ Yoast SEO plugin. -->","yoast_head_json":{"title":"FOLLGAS Energydrink Mango 12 x 250ml + Mampe Gin 0,7l - FOLLGAS Online-Shop","description":"FOLLGAS Mango 12er Set mit Mampe Gin. Tropisch-fruchtig, erfrischend & belebend \u2013 perfekt f\u00fcr Partys, Longdrinks & Events!","robots":{"index":"index","follow":"follow","max-snippet":"max-snippet:-1","max-image-preview":"max-image-preview:large","max-video-preview":"max-video-preview:-1"},"canonical":"https:\/\/follgas-shop.de\/index.php\/produkt\/follgas-energydrink-mango-12er-bundle-mampe-gin\/","og_locale":"de_DE","og_type":"article","og_title":"FOLLGAS Energydrink Mango 12 x 250ml + Mampe Gin 0,7l - FOLLGAS Online-Shop","og_description":"FOLLGAS Mango 12er Set mit Mampe Gin. Tropisch-fruchtig, erfrischend & belebend \u2013 perfekt f\u00fcr Partys, Longdrinks & Events!","og_url":"https:\/\/follgas-shop.de\/index.php\/produkt\/follgas-energydrink-mango-12er-bundle-mampe-gin\/","og_site_name":"FOLLGAS Online-Shop","article_modified_time":"2026-01-05T18:51:02+00:00","og_image":[{"width":1080,"height":1350,"url":"https:\/\/follgas-shop.de\/wp-content\/uploads\/2026\/01\/Follgas-Mango-x-Mampe-Gin_weiss.png","type":"image\/png"}],"twitter_card":"summary_large_image","twitter_misc":{"Gesch\u00e4tzte Lesezeit":"1\u00a0Minute"},"schema":{"@context":"https:\/\/schema.org","@graph":[{"@type":"WebPage","@id":"https:\/\/follgas-shop.de\/index.php\/produkt\/follgas-energydrink-mango-12er-bundle-mampe-gin\/","url":"https:\/\/follgas-shop.de\/index.php\/produkt\/follgas-energydrink-mango-12er-bundle-mampe-gin\/","name":"FOLLGAS Energydrink Mango 12 x 250ml + Mampe Gin 0,7l - FOLLGAS Online-Shop","isPartOf":{"@id":"https:\/\/follgas-shop.de\/#website"},"primaryImageOfPage":{"@id":"https:\/\/follgas-shop.de\/index.php\/produkt\/follgas-energydrink-mango-12er-bundle-mampe-gin\/#primaryimage"},"image":{"@id":"https:\/\/follgas-shop.de\/index.php\/produkt\/follgas-energydrink-mango-12er-bundle-mampe-gin\/#primaryimage"},"thumbnailUrl":"https:\/\/follgas-shop.de\/wp-content\/uploads\/2026\/01\/Follgas-Mango-x-Mampe-Gin_weiss.png","datePublished":"2025-11-27T11:23:03+00:00","dateModified":"2026-01-05T18:51:02+00:00","description":"FOLLGAS Mango 12er Set mit Mampe Gin. Tropisch-fruchtig, erfrischend & belebend \u2013 perfekt f\u00fcr Partys, Longdrinks & Events!","breadcrumb":{"@id":"https:\/\/follgas-shop.de\/index.php\/produkt\/follgas-energydrink-mango-12er-bundle-mampe-gin\/#breadcrumb"},"inLanguage":"de","potentialAction":[{"@type":"ReadAction","target":["https:\/\/follgas-shop.de\/index.php\/produkt\/follgas-energydrink-mango-12er-bundle-mampe-gin\/"]}]},{"@type":"ImageObject","inLanguage":"de","@id":"https:\/\/follgas-shop.de\/index.php\/produkt\/follgas-energydrink-mango-12er-bundle-mampe-gin\/#primaryimage","url":"https:\/\/follgas-shop.de\/wp-content\/uploads\/2026\/01\/Follgas-Mango-x-Mampe-Gin_weiss.png","contentUrl":"https:\/\/follgas-shop.de\/wp-content\/uploads\/2026\/01\/Follgas-Mango-x-Mampe-Gin_weiss.png","width":1080,"height":1350,"caption":"Follgas Mango 24 + Mampe Gin"},{"@type":"BreadcrumbList","@id":"https:\/\/follgas-shop.de\/index.php\/produkt\/follgas-energydrink-mango-12er-bundle-mampe-gin\/#breadcrumb","itemListElement":[{"@type":"ListItem","position":1,"name":"Startseite","item":"https:\/\/follgas-shop.de\/"},{"@type":"ListItem","position":2,"name":"Shop","item":"https:\/\/follgas-shop.de\/"},{"@type":"ListItem","position":3,"name":"FOLLGAS Energydrink Mango 12 x 250ml + Mampe Gin 0,7l"}]},{"@type":"WebSite","@id":"https:\/\/follgas-shop.de\/#website","url":"https:\/\/follgas-shop.de\/","name":"FOLLGAS Online-Shop","description":"","publisher":{"@id":"https:\/\/follgas-shop.de\/#organization"},"potentialAction":[{"@type":"SearchAction","target":{"@type":"EntryPoint","urlTemplate":"https:\/\/follgas-shop.de\/?s={search_term_string}"},"query-input":"required name=search_term_string"}],"inLanguage":"de"},{"@type":"Organization","@id":"https:\/\/follgas-shop.de\/#organization","name":"FOLLGAS Online-Shop","url":"https:\/\/follgas-shop.de\/","logo":{"@type":"ImageObject","inLanguage":"de","@id":"https:\/\/follgas-shop.de\/#\/schema\/logo\/image\/","url":"https:\/\/follgas-shop.de\/wp-content\/uploads\/2021\/01\/cropped-cropped-vv-1.png","contentUrl":"https:\/\/follgas-shop.de\/wp-content\/uploads\/2021\/01\/cropped-cropped-vv-1.png","width":279,"height":119,"caption":"FOLLGAS Online-Shop"},"image":{"@id":"https:\/\/follgas-shop.de\/#\/schema\/logo\/image\/"}}]}},"_links":{"self":[{"href":"https:\/\/follgas-shop.de\/index.php\/wp-json\/wp\/v2\/product\/660"}],"collection":[{"href":"https:\/\/follgas-shop.de\/index.php\/wp-json\/wp\/v2\/product"}],"about":[{"href":"https:\/\/follgas-shop.de\/index.php\/wp-json\/wp\/v2\/types\/product"}],"replies":[{"embeddable":true,"href":"https:\/\/follgas-shop.de\/index.php\/wp-json\/wp\/v2\/comments?post=660"}],"wp:featuredmedia":[{"embeddable":true,"href":"https:\/\/follgas-shop.de\/index.php\/wp-json\/wp\/v2\/media\/709"}],"wp:attachment":[{"href":"https:\/\/follgas-shop.de\/index.php\/wp-json\/wp\/v2\/media?parent=660"}],"wp:term":[{"taxonomy":"product_cat","embeddable":true,"href":"https:\/\/follgas-shop.de\/index.php\/wp-json\/wp\/v2\/product_cat?post=660"},{"taxonomy":"product_tag","embeddable":true,"href":"https:\/\/follgas-shop.de\/index.php\/wp-json\/wp\/v2\/product_tag?post=660"}],"curies":[{"name":"wp","href":"https:\/\/api.w.org\/{rel}","templated":true}]}}